e (2/(-6))/(1/3). What is l(f)?
2
Let i(g) be the second derivative of 2/3*g**3 + 5/12*g**4 + 1/20*g**5 + 0*g**2 - 3*g + 0. What is i(-4)?
0
Let r(f) = 5 - 2 + 0 + 3*f. Let g be r(-2). Let b(p) = 4*p + 0 - 2*p + 2. Calculate b(g).
-4
Let m = -35 + 33. Let k(z) = 4*z**2 + 3*z + 1. Determine k(m).
11
Let n(a) = -a**2 + a + 1. Let z(j) = j - 1. Let y(m) = -n(m) + z(m). Determine y(2).
2
Suppose 4*h - 5*l = 18 + 2, 0 = 4*h - l - 4. Suppose -4*w + h*o = 3*o + 11, -4*w = 5*o + 21. Suppose -3 + w = -q. Let n(x) = -3*x. Calculate n(q).
-6
Suppose -6*v = -2*v - 8. Suppose -4*r + 5 = -3*n, -2*n - 5*r = v*n + 17. Let d(o) = o**3 + 3*o**2 + 2*o + 2. Determine d(n).
-4
Let l(y) = y. Let d(k) = k**2 + 9*k + 4. Let b(h) = d(h) - 5*l(h). Give b(-4).
4
Suppose 2*i + 2 = 3*i. Let r = i - 0. Let k(s) = -s + s**3 - 6*s**r - 3*s - 2*s**3 + 3. Determine k(-5).
-2
Let o(b) = -b**3 - b**2 + 2. Let q(i) = i**3 - i. Let r be q(1). Let j be (r - (-3)/9)*-6. Calculate o(j).
6
Let l(x) = 5*x - 128 + 135 - 2*x. What is l(-5)?
-8
Suppose 3*y - 24 = -15. Let s(l) = 3*l**3 + 4*l + l**2 - 1 + 2*l**3 - 6*l**3. What is s(y)?
-7
Let a(y) = -y**2 - 5*y + 3. Let j be a(-3). Let k = j - 10. Let n(c) = -c + 1. What is n(k)?
2
Let t(i) = -i + 4. Let f be t(4). Suppose 0 = 3*k - 14 - 10. Suppose -4*o + k*o = f. Let a(q) = q**2. Calculate a(o).
0
Let a(b) = 2*b**3 - b**3 + 2 + 5*b**2 - 4*b**2 - b. Suppose 0*u = 4*u. Let r(z) = z**2 + z - 2. Let l be r(u). Give a(l).
0
Let i(t) = t - 6. Let y be i(6). Let l(h) be the first derivative of -5*h + 1/2*h**2 - 2 + 1/3*h**3. What is l(y)?
-5
Let j(v) = 0 - v**2 + 4 - 6. Give j(-2).
-6
Let w(j) = -j**2 - 3. Let y be w(0). Let g(n) = -n**3 - n**2 + 4*n. Determine g(y).
6
Suppose -t - 19 = -3*t - 3*m, -t - 2*m = -11. Suppose -5*d + 5*v - 5 = 0, t*d - 9 = -2*v - 0. Let s = d - 0. Let r(w) = 2*w**3 - w**2 + w - 1. Determine r(s).
1
Let z(d) = 6*d**3 + 8 - 5*d**3 - 5 + 5*d - 2*d**3 - 2*d**2. Let f be 4/(-5 - -1)*3. Calculate z(f).
-3
Let p(o) = -2*o**2 - 2*o + 1. Let a(u) = 3*u**2 + 3*u. Let l(v) = 3*a(v) + 4*p(v). Let x(i) = -i**3 - 4*i**2 - 3*i. Let k be x(-3). Calculate l(k).
4
Let j(y) = 8*y + 3. Let x(c) = 41*c + 16. Let m(b) = -11*j(b) + 2*x(b). Let r(w) = w**3 + 3*w**2 - w - 2. Let i be r(-3). What is m(i)?
-7
Let h(j) = -j + 2. Suppose -2 = -2*r + 62. Suppose 4*f + 8 - r = 0. Determine h(f).
-4
Let g(v) be the first derivative of 0*v**2 - 1/4*v**4 - v - 3 + v**3. Give g(3).
-1
Suppose 9*t = 14*t - 20. Let g(n) = 4*n**2 - 4 - 3*n**3 + 2 + 2*n**3 + 2*n. Give g(t).
6
Let i be 14/(-2) - (-1 - 2). Let l(q) = -7*q**3 + 4. Let u(t) = -1. Let b(j) = i*u(j) - l(j). Give b(-1).
-7
Let k(p) be the second derivative of -p**8/6720 - p**7/1260 - p**6/360 - p**5/120 - p**4/12 + 7*p. Let o(m) be the third derivative of k(m). Determine o(-2).
3
Suppose 0 = -2*o + 4 - 0. Let x(k) = 2*k**3 - 2*k**2 - 2*k + 2. Give x(o).
6
Let d = 0 + 3. Let o(z) = 0*z**3 + 0*z + z**2 - 3*z**3 + 1 - 4*z**d - 2*z. Calculate o(1).
-7
Suppose 4*j + h + 17 = -10, -3*j - 3 = -5*h. Let q(v) be the third derivative of -v**5/60 - 3*v**4/8 - 3*v**3/2 - 3*v**2. Give q(j).
9
Let v(d) = -d + 5. Let b(x) be the second derivative of x**3/6 + 4*x**2 + 3*x. Let y be b(-5). Suppose 6 - y = c. What is v(c)?
2
Let v(a) = 1 + 2 + a + 1. Give v(3).
7
Let r(f) = -5*f**2 + 5*f**3 - 5*f**3 - f**3. Suppose 2*w = -j + 3*j - 18, 5*j + w = 51. Let t = j - 15. What is r(t)?
0
Let j(q) be the third derivative of q**6/120 + q**5/15 - 2*q**3/3 + q**2. Suppose -4*p + p - 18 = 3*b, 0 = 3*p - 2*b + 8. Give j(p).
-4
Let x(j) = -j**3 - 5*j**2 + 5*j - 8. Let y be -1*-9*6/(-9). Give x(y).
-2
Let r(s) = s**3 + s**2 - 7. Suppose -4*v + 8*v - 20 = 0. Suppose -5*l + 12 = -4*m - 13, -3*l + v*m = -15. Let t = l - 5. Calculate r(t).
-7
Let z(v) = -v**2 + 4*v - 3. Suppose 8*r - 3*r = 20. Let g be z(r). Let n(s) = -s**3 - 2*s**2 + 3*s + 2. Calculate n(g).
2
Let s(j) = -4*j + 3. Let d be (-4 - 1)/(1/(-2)). Let v(g) = g - 13. Let w be v(d). What is s(w)?
15
Suppose 0 = 2*x + 2*x. Let a(j) = 9 + 2*j - j - 4*j**2 + 3*j**2. What is a(x)?
9
Let l be 1*((-3)/(-3) - 4). Let j be l + 9 + -2 + 0. Let b(p) = -p + 2. What is b(j)?
-2
Suppose 3*i - 58 + 10 = 0. Let x(y) = 20 - 5*y - i + 6*y. Determine x(6).
10
Let b(s) = s**2 - s + 5. Let r be b(0). Let d(w) be the first derivative of -w**3/3 + 3*w**2 - 6*w + 18. Give d(r).
-1
Let u(p) = -p**3 - 2*p**2. Let w(r) = 2*r**3 + 4*r**2 - r - 1. Let v(c) = -5*u(c) - 2*w(c). Let d(h) = -2*h**3 - h**2 + h. Let f be d(1). Calculate v(f).
-2
Suppose 2*b - y + 7 = 0, -b + 5*y = 2*y + 16. Let j(p) = -2*p + 0*p - 8*p. Give j(b).
10
Let t be (-6)/(-2) + (1 - 0). Let a(u) = -t*u**2 - 4*u - 6*u**2 + 11*u**2 - 3. Suppose h + 0 - 5 = 0. What is a(h)?
2
Let j(u) be the third derivative of 0*u + 1/30*u**5 + 1/6*u**3 + 1/24*u**4 + 3*u**2 + 0. Calculate j(-1).
2
Let l(c) be the third derivative of c**6/120 - c**5/12 - c**4/3 + 5*c**3/6 + 20*c**2. What is l(6)?
-7
Let l = 35 - 52. Let m be (-6)/8 + l/4. Let z(k) = -k - 4. Calculate z(m).
1
Let b(n) = 4*n**3 + n**2. Suppose 2*y - 1 - 1 = 0. Let p be (-3)/(-12)*(y - -3). Calculate b(p).
5
Let p(q) = -2*q + 4. Let x(j) = j**2 - 13*j + 4. Let y be x(13). Determine p(y).
-4
Let g be (-1 - 3)*(-6)/8. Let r(a) = -a**2 + 1 - 3524*a + 3524*a. Calculate r(g).
-8
Let x(b) = -b**2 - 8*b - 1. Let q = -39 + 31. Calculate x(q).
-1
Let x(g) = 3*g - 3. Let u be (-6)/(4*2/(-4)). Let n be 10/u*6/4. Determine x(n).
12
Let c = 5 - 5. Let b be 0 + (c - (-2 - -2)). Let x(n) = -n**2 - n - 4. Determine x(b).
-4
Let u be 1/(-5) - 21*8/60. Let p(s) = s. Calculate p(u).
-3
Let l(y) = 3*y**3 + 4*y**2 - y + 1. Let o(d) = -4*d**3 - 3*d**2 + 2*d - 1. Let k(i) = 3*l(i) + 2*o(i). What is k(-6)?
-5
Let v(w) = -w**2 - 4*w - 1. Let m(x) = x**3 + x**2 - 5*x + 3. Let k be m(-3). Let n be 9/(-12)*(4 + k). Give v(n).
2
Let h(q) = 0 - 6 + 12*q - 10*q. What is h(5)?
4
Let x(z) = 2*z + 6. Let r be 6/((6/8)/3). Suppose 2*t + r = -2*t. Give x(t).
-6
Let c(y) = y**2 - y - 1. Let d = -40 + 37. What is c(d)?
11
Let f(q) be the third derivative of -q**7/5040 - q**6/720 + q**5/15 + 5*q**2. Let x(r) be the third derivative of f(r). Suppose 5*g + 9 = -6. Give x(g).
2
Let z(p) = p**2 + 2*p - 3. Let b be 23/7 + 14/(-49). Give z(b).
12
Let i(a) = a**2 + 6*a + 1. Let z(v) = -3*v**2 - 18*v - 3. Let o(y) = 11*i(y) + 4*z(y). Calculate o(-6).
-1
Suppose -5*h = -0*h - 20. Let o(f) = 4*f - 1. Calculate o(h).
15
Let s be -2*2/8*-4. Let v(m) be the first derivative of -4 - 1/2*m**2 + m. Give v(s).
-1
Let b(v) be the first derivative of 2*v**2 + v - 51. Determine b(3).
13
Let h be (14/(-6))/(((-32)/(-12))/(-8)). Let r(x) be the second derivative of -x**5/20 + x**4/2 + 7*x**3/6 + 5*x**2/2 - 2*x. Give r(h).
5
Let b(r) = -r**3 - 2*r**2 - 2*r + 2. Let p be 2 - (1 + 1 + -3). Let x be (-1)/3 - (-7)/p. Suppose 0 = -2*f - 2 - x. What is b(f)?
6
Let w(u) be the third derivative of -u**4/24 + 7*u**3/6 + 5*u**2. What is w(5)?
2
Let i(d) = 4*d - 1. Let l = 2 + -1. Let z be i(l). Suppose -g = z*g - 24. Let b(s) = -s**3 + 5*s**2 + 6*s - 5. Calculate b(g).
-5
Let m be -1 - -3 - (-1 + 2). Let o(a) be the first derivative of -3*a - 1/2*a**2 + 1/3*a**3 - m. Give o(3).
3
Let n be -3 + 0 + (-20)/4. Let a(t) = -t**3 - 8*t**2. Determine a(n).
0
Suppose -5*t = -2*t + 18. Let d(i) be the second derivative of -i**5/20 - i**4/2 - i**3/2 - 3*i**2 - 5*i. Calculate d(t).
12
Suppose -l + 14 = -4*i - i, 3*l = i. Let p(m) = m. Let k(a) = 6*a - 1. Let o(w) = 2*k(w) - 11*p(w). Give o(i).
-5
Let p be 2/(-2) + -1 + 2. Let u(z) = -z + p*z + 3*z + 1. Determine u(2).
5
Suppose -3*n = 6 - 21. Let p(f) be the second derivative of f**5/20 - f**4/3 - 2*f**3/3 + f**2/2 - 10*f. Determine p(n).
6
Let z(s) = -8*s**2 + 54*s**2 - 20*s**2 - 1 - 18*s**2 + 2*s. What is z(1)?
9
Let i be (2/(-5))/(20/50). Let a be -2 + i/(-3)*-3. Let z(u) = 3*u + 2. Calculate z(a).
-7
Suppose -5*p - 3*v + 4 - 2 = 0, -4*v - 5 = -p. Let s(j) = -3*j**3 - 1 - 8*j**3 + j + 0*j**3. Give s(p).
-11
Suppose -6*o + o = -25. Suppose -o*y + 22 = 2*b, -4*b - 5 = 2*y - 17. Let t(m) = -m**3 + 6*m**2 - 5*m + 1. What is t(y)?
13
Let n(m) = m + 2. Suppose -3*k = -8 + 2. Suppose -h + 2*q + k*q - 20 = 0, -5*h - 16 = q. Let l = -8 - h. Calculate n(l).
-2
Let f(w) = w**2 - 10*w + 10. Let x be f(9). Let q(y) = -5*